True
Does 3643 divide 633191530?
False
Is 23805880 a multiple of 590?
False
Is 48 a factor of 332235552?
True
Does 17 divide 32925704?
False
Does 19 divide 182941006?
True
Is 2144027 a multiple of 887?
False
Is 77196 a multiple of 3?
True
Is 14617343 a multiple of 439?
False
Is 7488228 a multiple of 4?
True
Does 2 divide 75334?
True
Is 2858 a factor of 62634956?
False
Is 9 a factor of 823818150?
True
Does 8 divide 15514019?
False
Is 5513466 a multiple of 2262?
False
Is 383451 even?
False
Is 5842 a factor of 1994826846?
True
Does 608 divide 400641133?
False
Is 38250903 a multiple of 349?
False
Is 33352331 a multiple of 10?
False
Is 11 a factor of 111015322?
True
Is 11009178 a multiple of 336?
False
Is 71961437 a multiple of 9?
False
Does 45 divide 498687415?
False
Does 24 divide 1046440440?
True
Does 42 divide 2563680?
True
Does 11355 divide 634994310?
True
Does 20 divide 2253562500?
True
Is 599 a factor of 1150169180?
False
Is 17 a factor of 487916218?
True
Is 1337 a factor of 869764821?
False
Is 459 a factor of 1682385389?
False
Does 886 divide 284877483?
False
Is 25654717 a multiple of 533?
False
Is 147506399 a multiple of 17?
True
Is 86131682 a multiple of 77?
False
Does 30 divide 11041770?
True
Is 6409 a factor of 40298733?
False
Is 25147635 a multiple of 7?
False
Is 15 a factor of 1481631345?
True
Is 49 a factor of 28858844?
True
Does 19 divide 545015?
True
Is 13 a factor of 19126536?
True
Is 343 a factor of 2620681896?
True
Does 3 divide 15993228?
True
Is 285930822 a multiple of 86?
True
Is 402416253 a multiple of 46?
False
Is 97103235 a multiple of 51?
True
Is 48379353 a multiple of 9?
False
Does 5 divide 43587530?
True
Is 10 a factor of 15400930?
True
Does 32 divide 539340960?
True
Is 86 a factor of 7300884?
True
Is 2872986 a multiple of 18?
False
Is 1167 a factor of 154090680?
True
Does 793 divide 96799308?
False
Is 143 a factor of 921446669?
True
Does 12 divide 79679443?
False
Is 2522513 a multiple of 172?
False
Is 199360233 a multiple of 543?
False
Does 3 divide 428387744?
False
Is 1704044914 a multiple of 101?
False
Is 76065226 a multiple of 2509?
False
Is 393475278 a multiple of 498?
True
Is 429669072 a multiple of 14?
True
Is 120226320 a multiple of 148?
True
Does 331 divide 1140105668?
True
Is 51 a factor of 511741?
False
Is 1730592 a multiple of 27?
True
Is 3744062875 a multiple of 12875?
True
Is 3769596 a multiple of 6?
True
Is 832 a factor of 4954059?
False
Is 29 a factor of 27339141?
True
Is 377102352 a multiple of 31?
True
Does 192 divide 55862400?
True
Is 403 a factor of 145601885?
True
Is 167391660 a multiple of 15?
True
Does 9 divide 14052330?
True
Does 15 divide 307702323?
False
Is 13195511 a multiple of 12?
False
Does 3842 divide 107468424?
True
Is 2837 a factor of 64474411?
False
Is 133481677 a multiple of 4103?
False
Is 146517592 a multiple of 233?
False
Is 19 a factor of 670391577?
False
Is 708710268 a multiple of 668?
False
Is 1355601687 a multiple of 57?
False
Is 836 a factor of 1384912584?
True
Is 111 a factor of 1558502937?
True
Is 3080577 a multiple of 614?
False
Does 238 divide 284483191?
False
Does 32 divide 58342624?
True
Is 560144809 a multiple of 7?
True
Does 458 divide 155833171?
False
Is 112527787 a multiple of 12?
False
Does 130 divide 98989150?
True
Is 117 a factor of 52140717?
False
Is 51523697 a multiple of 18?
False
Does 86 divide 76676562?
False
Is 47049276 a multiple of 1668?
True
Is 1212362163 a multiple of 75?
False
Does 5 divide 71698228?
False
Is 13 a factor of 23820483?
False
Is 21 a factor of 1218994305?
False
Is 417366 a multiple of 17?
False
Is 2910841056 a multiple of 12?
True
Is 30735180 a multiple of 60?
True
Is 113597276 a multiple of 26?
True
Is 32690112 a multiple of 182?
True
Does 34 divide 2672028?
False
Is 32725000 a multiple of 500?
True
Is 510542512 a multiple of 8?
True
Is 81 a factor of 1208997670?
False
Is 3 a factor of 316890627?
True
Is 16 a factor of 71051216?
True
Is 8 a factor of 560736134?
False
Is 257358686 a multiple of 37?
False
Is 29 a factor of 3500317?
False
Is 9 a factor of 221768550?
True
Does 7 divide 1756495?
False
Is 867450935 a multiple of 87?
False
Is 61701145 a multiple of 401?
False
Is 10388939 a multiple of 6?
False
Does 53 divide 23908451?
False
Is 4 a factor of 63418986?
False
Does 150 divide 154378349?
False
Is 137 a factor of 1008457?
True
Is 26 a factor of 1552902598?
True
Is 20556174 a multiple of 51?
False
Is 94287580 a multiple of 115?
True
Is 10 a factor of 13508873?
False
Does 11 divide 687949493?
True
Is 24574532 a multiple of 652?
True
Is 199 a factor of 157935952?
True
Does 505 divide 10990463?
False
Is 35 a factor of 878511585?
True
Does 33 divide 6415205?
False
Is 130816756 a multiple of 1604?
False
Is 323244272 a multiple of 26?
True
Is 143457327 a multiple of 457?
True
Is 254143476 a multiple of 5384?
False
Does 80 divide 297042015?
False
Is 205911470 a multiple of 23?
False
Is 26553752 a multiple of 371?
False
Is 200 a factor of 15418200?
True
Is 251663048 a multiple of 148?
True
Is 306333097 a multiple of 2290?
False
Does 8 divide 87274752?
True
Is 524665684 a multiple of 2403?
False
Is 116 a factor of 253527628?
True
Does 224 divide 86044896?
True
Is 49748396 a multiple of 4893?
False
Is 114235980 a multiple of 60?
True
Does 987 divide 103103007?
True
Is 166275103 a multiple of 1170?
False
Does 26 divide 57758792?
True
Is 925192 a multiple of 7?
False
Does 753 divide 691753992?
True
Is 81699241 a multiple of 293?
True
Is 55788060 a multiple of 1626?
True
Does 501 divide 148476422?
False
Does 12 divide 218636772?
True
Is 39556974 a multiple of 19?
True
Does 2765 divide 177066751?
False
Is 56588284 a multiple of 309?
False
Does 44 divide 214199128?
True
Is 49 a factor of 165045939?
False
Does 1073 divide 39132310?
True
Is 10105248 a multiple of 8?
True
Is 1566125 a multiple of 454?
False
Is 17 a factor of 41218989?
False
Does 880 divide 175801120?
True
Is 173 a factor of 187050195?
True
Is 8381680 a multiple of 17?
True
Is 69539547 a multiple of 121?
True
Is 14 a factor of 923043?
False
Does 4 divide 313654?
False
Is 15 a factor of 2232840?
True
Does 91 divide 1103575307?
False
Is 26 a factor of 16113765?
False
Does 16 divide 509216960?
True
Does 338 divide 3766975?
False
Is 19 a factor of 651660632?
True
Does 528 divide 117690672?
True
Does 167 divide 1403301?
True
Is 14 a factor of 12787185?
False
Is 33 a factor of 15247291?
False
Is 351945050 a multiple of 34?
True
Does 251 divide 435220948?
True
Does 10 divide 8307490?
True
Does 18 divide 497572345?
False
Is 53 a factor of 1271955957?
True
Is 1198 a factor of 68894704?
False
Is 1991194800 a multiple of 7575?
True
Is 16 a factor of 17878582?
False
Does 33 divide 1918099407?
False
Does 26 divide 79544048?
False
Is 12 a factor of 188159686?
False
Is 807683042 a multiple of 1396?
False
Does 46 divide 135197220?
True
Is 836094632 a multiple of 18?
False
Does 11 divide 1404859986?
False
Is 1514 a factor of 4639332?
False
Is 65 a factor of 5399286?
False
Is 51 a factor of 49478746?
False
Is 120783276 a multiple of 12?
True
Is 2013425540 a multiple of 35?
True
Is 4 a factor of 13867604?
True
Is 42 a factor of 77673192?
False
Is 6439368 a multiple of 133?
False
Does 173 divide 10829800?
True
Is 10 a factor of 762415300?
True
Does 8419 divide 2611625?
False
Is 9 a factor of 254780982?
True
Is 4224 a factor of 472272768?
True
Is 2429112 a multiple of 168?
True
Does 2183 divide 78038759?
False
Is 811241190 a multiple of 918?
True
Does 26 divide 4153943?
False
Is 18616311 a multiple of 567?
True
Is 12 a factor of 10070895?
False
Does 871 divide 14067521?
True
Is 61209171 a multiple of 95?
False
Does 6 divide 264228308?
False
Does 589 divide 213202859?
False
Is 67 a factor of 11182256?
False
Is 15 a factor of 30080777?
False
Does 43 divide 64892762?
True
Is 576 a factor of 188775360?
True
Is 9761238 even?
True
Is 29 a factor of 49826701?
False
Is 8 a factor of 79139806?
False
Is 64813267 a multiple of 61?
False
Does 178 divide 126742942?
True
Does 36 divide 9384148?
False
Does 712 divide 49445431?
False
Does 1070 divide 144106530?
True
Is 22 a factor of 60081538?
True
Does 26 divide 208301597?
False
Is 60 a factor of 20134632?
False
Is 770 a factor of 664098746?
False
Is 1428869846 a multipl